of -x**4/24 - 7*x**3/6 + 2*x**2. Let j be o(-6). Let f be 6 - (-1 + j) - 0. Calculate the greatest common factor of f and 16.
8
Let r(n) = 3*n**2 - 8*n - 32. Let c be r(8). Calculate the highest common factor of 24 and c.
24
Let v = -17 + 56. Let o be (-3)/(-2 + (-147)/(-78)). Suppose -3*i + 4*i - o = 0. Calculate the highest common divisor of v and i.
13
Suppose 10*j - 55 = 5*j. What is the greatest common divisor of j and 99?
11
Let j(o) = -o**2 + 14*o + 11. Let k be j(14). Let l = 383 + -262. Calculate the highest common divisor of l and k.
11
Suppose -2*o = 3*o - 45. Suppose -2*u = -5*d + 71, o*d - 4*d - 4*u - 67 = 0. Let l = -148 - -253. Calculate the greatest common factor of d and l.
15
Suppose 1 - 16 = -5*z. Let x be (-3 + 0)/(9/(-21)). Let q = x - 4. What is the greatest common factor of q and z?
3
Let l = -95 + 97. Calculate the greatest common factor of l and 2.
2
Let o(n) = 3*n**2 + 6*n. Let d be o(-5). What is the highest common factor of 5 and d?
5
Let q(j) be the first derivative of -1/3*j**3 - 9/2*j**2 - 9*j - 2. Let b be q(-7). What is the greatest common divisor of 25 and b?
5
Suppose b - 4*b + 6 = 0. Suppose -5*r + 14 = -1, -5*n + b*r + 619 = 0. Calculate the highest common factor of n and 50.
25
Let s be ((-4)/(-3))/(2/(-6)). Let d = -5 - s. Let t = d - -2. What is the highest common factor of t and 5?
1
Let h(n) = 15*n**2 + n. Let u be h(-1). Suppose 0 = 5*r + 5*w - 5, 0 = -4*r + w + 24. Let p = u - r. What is the greatest common factor of p and 45?
9
Suppose 252 = -a + 3*a. Let r = 14 + -10. Let l be 2/r - 81/(-6). Calculate the highest common factor of a and l.
14
Suppose 3*u - 2*u - 4*g - 38 = 0, -1 = -g. Calculate the highest common factor of 7 and u.
7
Let o = -1 + 3. Suppose l = 2*b + o*b - 22, -2*b + 18 = 3*l. Let c = 2 + b. What is the highest common divisor of 40 and c?
8
Suppose -13 = -9*j + 221. Calculate the greatest common factor of 39 and j.
13
Let x(u) = -u**2 - 4*u - 3. Let k(l) = l - 8. Let b be k(6). Let y be x(b). Suppose -7 - 114 = -11*o. What is the highest common divisor of y and o?
1
Let s = 8 + -6. Suppose -t = s*t - 3. What is the greatest common divisor of 11 and t?
1
Let l be 45/2*(-24)/(-9). Suppose h + 11 = -j - 0, 2*h + 54 = -4*j. Let t = j - -26. What is the greatest common factor of t and l?
10
Let q be -1 + (22 - -1) + -2. Calculate the highest common factor of 8 and q.
4
Let i = 113 - 80. Calculate the highest common divisor of i and 363.
33
Suppose 0 = 5*w - 3*v + 18, -w + v = 3*v + 14. Let l = 20 + w. Calculate the highest common factor of l and 112.
14
Let s(c) = -c + 12. Let h be s(9). Let k be h/3*7/1. What is the highest common divisor of 49 and k?
7
Let p(a) = -a**3 - 4*a**2 + 3. Let r be p(-4). Suppose 0 = -0*x - r*x - 12. Let g = 16 + x. Calculate the greatest common divisor of g and 6.
6
Suppose 0*v = 2*v - 104. Let a = -11 - -15. Let d = a - -9. Calculate the highest common factor of v and d.
13
Let l(n) = n**2 + 4*n - 4. Let y be l(-8). What is the greatest common divisor of y and 4?
4
Let q(s) = -s**3 - 24*s**2 + 23. Let a be q(-24). Calculate the greatest common factor of 161 and a.
23
Let s = 4 + 0. Suppose -g - q = 22, -4*q = -0*q + s. Let p = g + 29. What is the greatest common divisor of p and 16?
8
Let k = 25 + -22. Calculate the highest common factor of k and 12.
3
Let r be ((-40)/6)/(6/(-9)). Calculate the highest common factor of r and 20.
10
Let c = -62 - -64. What is the greatest common factor of c and 26?
2
Let o be 2 + -5 - 151*-1. Suppose -473 + o = -5*b. Calculate the greatest common divisor of b and 26.
13
Let z = -6 + 16. Let y = 4 + -1. Suppose 0 = y*r - 5 - 25. What is the highest common divisor of z and r?
10
Let c(l) = l**2 - 6*l + 4. Let k be c(6). Suppose -4*w + x = -13, -3*x + 0 = -9. Calculate the greatest common divisor of w and k.
4
Let y(x) = x**2 - 4*x - 8. Let k be y(6). What is the greatest common divisor of k and 8?
4
Suppose -7*m + 514 - 73 = 0. What is the highest common divisor of 14 and m?
7
Let b = 12 + -8. Suppose -b*v + 12 = -4. Let n = 19 - 13. What is the greatest common factor of n and v?
2
Let o be -4 + 3 - 0 - -6. Suppose j - o*j = 60. Let d be ((-3)/(-1))/((-5)/j). What is the greatest common factor of 9 and d?
9
Let i be -18*(-1)/2 - 1. Calculate the highest common divisor of 12 and i.
4
Suppose 3 = -3*v, -3*y = -v - 12 + 2. Calculate the greatest common divisor of 6 and y.
3
Let l be 0 + 0/(-1 - -3). Suppose 2*a = 2*v - 2, l = -4*a - 3*v - 4 - 0. Let i be a - -1 - (-2 - -1). Calculate the greatest common divisor of i and 1.
1
Let x be 2/2 + -2 + 12. Let q = 21 - x. Calculate the highest common divisor of q and 40.
10
Suppose h + 12 + 10 = -5*r, 3*h - 2*r = 19. Suppose -2*f + 0*f = -h*v + 1, -f + 10 = 2*v. Suppose -f = -o - 1. Calculate the greatest common divisor of 6 and o.
3
Let a(s) = s**3 + 3*s**2 - 3*s - 3. Let r be a(-3). Suppose -3*q = 2*w - 64, -2*q - 3*w + 9 + 27 = 0. Calculate the greatest common divisor of q and r.
6
Suppose -79 = 4*m + 1. Let n be 3/(-2)*m/15. Suppose -12 = 2*k + n*k, 3*k - 56 = -5*f. What is the highest common divisor of f and 13?
13
Suppose -4*r + 4 + 4 = 0. Calculate the highest common divisor of r and 2.
2
Let i = 50 + -23. Calculate the highest common factor of 9 and i.
9
Suppose 0 = -3*x + 6 - 0. Suppose -12 = -x*y - 2*y, 5*y + 193 = 4*t. What is the greatest common divisor of t and 130?
26
Suppose 6*y - 11*y = -85. Calculate the highest common divisor of 136 and y.
17
Let a(u) = 33*u - 1. Let w be a(1). Suppose -5*i + 217 = 3*r - 192, 2*r = i - 74. Suppose 10*c - 5*c = i. Calculate the highest common factor of c and w.
16
Let p(s) = 2*s**3 - 5*s**2 - s + 1. Let y be p(4). Suppose 15 = -3*f + y. Calculate the greatest common factor of f and 50.
10
Suppose 4 = 2*m - 0*m. What is the highest common divisor of 2 and m?
2
Let r = -77 + 84. What is the greatest common divisor of 63 and r?
7
Let p be (-81)/(-3) + (-3 - -2). Let f = p + -14. Calculate the highest common divisor of f and 24.
12
Let z = -138 + 152. What is the highest common divisor of z and 7?
7
Suppose 2*t - 5*d - 155 = 0, 2*t - d = 102 + 49. What is the greatest common factor of 15 and t?
15
Suppose -2*t - 76 = -3*t. What is the greatest common factor of t and 19?
19
Let t be 28/10*20/8. What is the highest common divisor of 63 and t?
7
Suppose -3*b + 2*b - 1 = 2*d, 2*d + 4 = -4*b. Suppose d = -7*x + 4*x + 45. Calculate the greatest common divisor of 75 and x.
15
Let n(g) = -6*g - 7. Let i be n(-8). Suppose 3*c = 2*q + 13, i = -4*q - q - c. Let t be (-2)/q - (-378)/24. Calculate the greatest common factor of 176 and t.
16
Let t be (3 - -42) + 0 + 3. Calculate the highest common factor of 24 and t.
24
Suppose 2*k - 18 - 2 = 0. What is the highest common divisor of 50 and k?
10
Let i(t) = t**2 - 5*t + 5. Let u be i(6). Suppose -5*y - 2*q + 57 = 0, -5 = -5*y + 5*q + 45. Calculate the greatest common divisor of u and y.
11
Let l = -498 + 638. Suppose -2*s + 0*s + 40 = 0. What is the highest common factor of s and l?
20
Let t(w) be the first derivative of -w**3/3 + 3*w**2 - w - 2. Let q be t(4). Calculate the highest common factor of 35 and q.
7
Let y(k) = k**2 + 21*k - 15. Let z be y(-22). Calculate the greatest common divisor of z and 7.
7
Let t = 13 + -8. Suppose 2*m + 34 = t*q - 2, -2*m = -2*q + 18. What is the highest common factor of q and 66?
6
Suppose 0 = -4*m - 2*p + 36, 0 = -4*m - 3*p + 57 - 17. Calculate the highest common divisor of 56 and m.
7
Suppose -2*l - 12 = 4*r, 0*r = -5*l - 5*r - 15. Suppose -c + l + 15 = 0. Calculate the highest common factor of c and 165.
15
Suppose -o + 3*o - 140 = 0. Let z be (-476)/(-35) + (-4)/(-10). Calculate the greatest common factor of o and z.
14
Suppose 7*y - 308 = 3*y. Calculate the greatest common divisor of y and 11.
11
Let m = -3 + 1. Let q be 1/m - (-10)/4. What is the greatest common factor of 10 and q?
2
Let r = 25 + 4. What is the highest common factor of r and 145?
29
Let p = -3 + -1. Let y(b) = 4*b**2 + 5*b - 4. Let u be y(p). What is the greatest common divisor of u and 16?
8
Let z be (8/2)/(1/1). Let l = 5 - z. Let c be 198 - (l + -2 + 1). What is the greatest common divisor of 18 and c?
18
Let h be 2*((-15)/2)/(-3). Let s be h*-3*(-4)/15. Suppose 0 = 3*q - 22 - 2. What is th